{"id":6057,"date":"2024-03-08T11:49:47","date_gmt":"2024-03-08T10:49:47","guid":{"rendered":"https:\/\/fahrschuleammain.de\/?page_id=6057"},"modified":"2024-05-10T20:28:51","modified_gmt":"2024-05-10T19:28:51","slug":"fuehrerscheinklasse_b197","status":"publish","type":"page","link":"https:\/\/1afahrschule.de\/index.php\/fuehrerscheinklasse_b197\/","title":{"rendered":"F\u00fchrerscheinklasse B197"},"content":{"rendered":"[vc_row type=&#8220;full_width_background&#8220; full_screen_row_position=&#8220;middle&#8220; column_margin=&#8220;default&#8220; column_direction=&#8220;default&#8220; column_direction_tablet=&#8220;default&#8220; column_direction_phone=&#8220;default&#8220; bg_image=&#8220;6143&#8243; bg_position=&#8220;center center&#8220; background_image_loading=&#8220;default&#8220; bg_repeat=&#8220;no-repeat&#8220; scene_position=&#8220;center&#8220; top_padding=&#8220;15%&#8220; bottom_padding=&#8220;13%&#8220; text_color=&#8220;dark&#8220; text_align=&#8220;left&#8220; row_border_radius=&#8220;none&#8220; row_border_radius_applies=&#8220;bg&#8220; overflow=&#8220;visible&#8220; color_overlay=&#8220;#0a0a0a&#8220; overlay_strength=&#8220;0.5&#8243; gradient_direction=&#8220;left_to_right&#8220; shape_divider_position=&#8220;bottom&#8220; bg_image_animation=&#8220;none&#8220; gradient_type=&#8220;default&#8220; shape_type=&#8220;&#8220;][vc_column column_padding=&#8220;no-extra-padding&#8220; column_padding_tablet=&#8220;inherit&#8220; column_padding_phone=&#8220;inherit&#8220; column_padding_position=&#8220;all&#8220; column_element_direction_desktop=&#8220;default&#8220; column_element_spacing=&#8220;default&#8220; desktop_text_alignment=&#8220;default&#8220; tablet_text_alignment=&#8220;default&#8220; phone_text_alignment=&#8220;default&#8220; background_color_opacity=&#8220;1&#8243; background_hover_color_opacity=&#8220;1&#8243; column_backdrop_filter=&#8220;none&#8220; column_shadow=&#8220;none&#8220; column_border_radius=&#8220;none&#8220; column_link_target=&#8220;_self&#8220; column_position=&#8220;default&#8220; gradient_direction=&#8220;left_to_right&#8220; overlay_strength=&#8220;0.3&#8243; width=&#8220;1\/1&#8243; tablet_width_inherit=&#8220;default&#8220; animation_type=&#8220;default&#8220; bg_image_animation=&#8220;none&#8220; border_type=&#8220;simple&#8220; column_border_width=&#8220;none&#8220; column_border_style=&#8220;solid&#8220;][split_line_heading animation_type=&#8220;line-reveal-by-space&#8220; font_style=&#8220;h1&#8243; text_color=&#8220;#ffffff&#8220; line_reveal_by_space_text_effect=&#8220;default&#8220; content_alignment=&#8220;default&#8220; mobile_content_alignment=&#8220;inherit&#8220; link_target=&#8220;_self&#8220; text_content=&#8220;F\u00fchrerscheinklasse B197&#8243; text_direction=&#8220;default&#8220;][\/split_line_heading][\/vc_column][\/vc_row][vc_row type=&#8220;in_container&#8220; full_screen_row_position=&#8220;middle&#8220; column_margin=&#8220;default&#8220; column_direction=&#8220;default&#8220; column_direction_tablet=&#8220;default&#8220; column_direction_phone=&#8220;default&#8220; scene_position=&#8220;center&#8220; top_padding=&#8220;50px&#8220; text_color=&#8220;dark&#8220; text_align=&#8220;left&#8220; row_border_radius=&#8220;none&#8220; row_border_radius_applies=&#8220;bg&#8220; overflow=&#8220;visible&#8220; overlay_strength=&#8220;0.3&#8243; gradient_direction=&#8220;left_to_right&#8220; shape_divider_position=&#8220;bottom&#8220; bg_image_animation=&#8220;none&#8220; gradient_type=&#8220;default&#8220; shape_type=&#8220;&#8220;][vc_column column_padding=&#8220;no-extra-padding&#8220; column_padding_tablet=&#8220;inherit&#8220; column_padding_phone=&#8220;inherit&#8220; column_padding_position=&#8220;all&#8220; column_element_direction_desktop=&#8220;default&#8220; column_element_spacing=&#8220;default&#8220; desktop_text_alignment=&#8220;default&#8220; tablet_text_alignment=&#8220;default&#8220; phone_text_alignment=&#8220;default&#8220; background_color_opacity=&#8220;1&#8243; background_hover_color_opacity=&#8220;1&#8243; column_backdrop_filter=&#8220;none&#8220; column_shadow=&#8220;none&#8220; column_border_radius=&#8220;none&#8220; column_link_target=&#8220;_self&#8220; column_position=&#8220;default&#8220; gradient_direction=&#8220;left_to_right&#8220; overlay_strength=&#8220;0.3&#8243; width=&#8220;1\/1&#8243; tablet_width_inherit=&#8220;default&#8220; animation_type=&#8220;default&#8220; bg_image_animation=&#8220;none&#8220; border_type=&#8220;simple&#8220; column_border_width=&#8220;none&#8220; column_border_style=&#8220;solid&#8220;][vc_column_text css_animation=&#8220;slideInUp&#8220; text_direction=&#8220;default&#8220;]\n<section class=\"text-editor aos-init aos-animate\" data-align-self=\"is-align-self-stretch\" data-mobile-order=\"1\" data-mobile-bg=\"\/media\/background_mobile\/\" data-aos=\"fade-up\">\n<div class=\"text-editor__item\">\n<h2>Beschrei\u00adbung<\/h2>\n<p>Am 1.4.21 wurde die Klasse B durch die einfacher zu erlangende Klasse B mit Schl\u00fcsselzahl 197 (B197) ersetzt. Mit B197 darfst du uneingeschr\u00e4nkt Autos mit Handschaltgetriebe und Automatikgetriebe im Inland und Ausland fahren. Der gr\u00f6\u00dfte Teil deiner Fahrausbildung und deine Pr\u00fcfung findet auf einem Auto mit Automatikgetriebe statt.\u00a0Das erleichtert deine Pr\u00fcfung und reduziert deine Fahrstundenanzahl.<\/p>\n<p>&nbsp;<\/p>\n<\/div>\n<\/section>\n<section class=\"text-editor aos-init aos-animate\" data-align-self=\"is-align-self-stretch\" data-mobile-order=\"1\" data-mobile-bg=\"\/media\/background_mobile\/\" data-aos=\"fade-up\">\n<div class=\"text-editor__item\">\n<h2>Vor\u00adaus\u00adset\u00adzung Klasse B197<\/h2>\n<ul>\n<li>Mindestalter 17,5\u00a0Jahre<\/li>\n<li>Antrag Fahrerlaubnis\u00a0bei der Fahrerlaubnisbeh\u00f6rde<\/li>\n<li>Theoretische Ausbildung<\/li>\n<li>Theoretische Pr\u00fcfung<\/li>\n<li>Praktische Ausbildung mit einem Auto mit Automatikgetriebe<\/li>\n<li>Praktische Pr\u00fcfung\u00a0mit einem Auto mit Automatikgetriebe<\/li>\n<li>Praktische Fahrerschulung mit mindestens 450 Minuten Dauer mit einem Auto mit Handschaltgetriebe<\/li>\n<li>Testfahrt innerorts und au\u00dferorts mit deinem Fahrlehrer\u00a0auf einem Auto mit Handschaltgetriebe<\/li>\n<li>Keine praktische Pr\u00fcfung\u00a0mit einem Auto mit Handschaltgetriebe n\u00f6tig<\/li>\n<\/ul>\n<h2>Aus\u00adbil\u00addungs\u00addauer<\/h2>\n<p>Die Dauer Dei\u00adner Aus\u00adbil\u00addung ist abh\u00e4n\u00adgig von:<\/p>\n<ul>\n<li>ben\u00f6\u00adtigte Fahr\u00adstun\u00adden<\/li>\n<li>gefah\u00adrene Fahr\u00adstun\u00adden pro Tag\/Woche<\/li>\n<li>besuchte The\u00ado\u00adrie\u00adstun\u00adden pro Woche<\/li>\n<\/ul>\n<header><\/header>\n<\/div>\n<\/section>\n[\/vc_column_text][\/vc_column][\/vc_row]\n","protected":false},"excerpt":{"rendered":"<p>[vc_row type=&#8220;full_width_background&#8220; full_screen_row_position=&#8220;middle&#8220; column_margin=&#8220;default&#8220; column_direction=&#8220;default&#8220; column_direction_tablet=&#8220;default&#8220; column_direction_phone=&#8220;default&#8220; bg_image=&#8220;6143&#8243; bg_position=&#8220;center center&#8220; background_image_loading=&#8220;default&#8220; bg_repeat=&#8220;no-repeat&#8220; scene_position=&#8220;center&#8220; top_padding=&#8220;15%&#8220; bottom_padding=&#8220;13%&#8220; text_color=&#8220;dark&#8220; text_align=&#8220;left&#8220; row_border_radius=&#8220;none&#8220; row_border_radius_applies=&#8220;bg&#8220; overflow=&#8220;visible&#8220; color_overlay=&#8220;#0a0a0a&#8220; overlay_strength=&#8220;0.5&#8243; gradient_direction=&#8220;left_to_right&#8220; shape_divider_position=&#8220;bottom&#8220; bg_image_animation=&#8220;none&#8220; gradient_type=&#8220;default&#8220; shape_type=&#8220;&#8220;][vc_column column_padding=&#8220;no-extra-padding&#8220; column_padding_tablet=&#8220;inherit&#8220; column_padding_phone=&#8220;inherit&#8220;&#8230;<\/p>\n","protected":false},"author":1,"featured_media":0,"parent":0,"menu_order":0,"comment_status":"closed","ping_status":"closed","template":"","meta":{"footnotes":""},"class_list":["post-6057","page","type-page","status-publish"],"_links":{"self":[{"href":"https:\/\/1afahrschule.de\/index.php\/wp-json\/wp\/v2\/pages\/6057"}],"collection":[{"href":"https:\/\/1afahrschule.de\/index.php\/wp-json\/wp\/v2\/pages"}],"about":[{"href":"https:\/\/1afahrschule.de\/index.php\/wp-json\/wp\/v2\/types\/page"}],"author":[{"embeddable":true,"href":"https:\/\/1afahrschule.de\/index.php\/wp-json\/wp\/v2\/users\/1"}],"replies":[{"embeddable":true,"href":"https:\/\/1afahrschule.de\/index.php\/wp-json\/wp\/v2\/comments?post=6057"}],"version-history":[{"count":9,"href":"https:\/\/1afahrschule.de\/index.php\/wp-json\/wp\/v2\/pages\/6057\/revisions"}],"predecessor-version":[{"id":6196,"href":"https:\/\/1afahrschule.de\/index.php\/wp-json\/wp\/v2\/pages\/6057\/revisions\/6196"}],"wp:attachment":[{"href":"https:\/\/1afahrschule.de\/index.php\/wp-json\/wp\/v2\/media?parent=6057"}],"curies":[{"name":"wp","href":"https:\/\/api.w.org\/{rel}","templated":true}]}}